{"id":19,"date":"2024-12-25T20:38:49","date_gmt":"2024-12-25T20:38:49","guid":{"rendered":"http:\/\/localhost:8881\/?page_id=19"},"modified":"2025-11-15T22:00:58","modified_gmt":"2025-11-15T19:00:58","slug":"tuotteet","status":"publish","type":"page","link":"https:\/\/sef.fi\/index.php\/tuotteet\/","title":{"rendered":"Tuotteet"},"content":{"rendered":"\n<h2 class=\"wp-block-heading has-text-align-center\">Tuotteet<\/h2>\n\n\n\n<div class=\"wp-block-group has-global-padding is-layout-constrained wp-block-group-is-layout-constrained\" style=\"border-style:none;border-width:0px;border-radius:0px\">\n<article class=\"wp-block-group has-base-color has-text-color has-background has-link-color wp-elements-91ad483df06a54d66ab2d627777e5b5a has-global-padding is-layout-constrained wp-container-core-group-is-layout-a1fb5d2d wp-block-group-is-layout-constrained\" style=\"border-width:1px;border-radius:15px;background-color:#001233;margin-top:var(--wp--preset--spacing--30);margin-bottom:var(--wp--preset--spacing--30);padding-top:var(--wp--preset--spacing--40);padding-right:var(--wp--preset--spacing--30);padding-bottom:var(--wp--preset--spacing--40);padding-left:var(--wp--preset--spacing--30)\">\n<h2 class=\"wp-block-heading has-text-align-center is-style-text-subtitle is-style-text-subtitle--1\" style=\"border-style:none;border-width:0px\">SEFFI 12 varustekuivain<\/h2>\n\n\n\n<p class=\"has-text-align-center\" id=\"tuoteseloste\" style=\"padding-top:var(--wp--preset--spacing--30);padding-bottom:var(--wp--preset--spacing--30)\">SEFFI 12 on pieni ja tehokas varustekuivain, joka sopii hyvin esimerkiksi p\u00e4iv\u00e4koteihin ja pieniin urheiluseuroihin.<\/p>\n\n\n\n<figure class=\"wp-block-image size-large\"><img loading=\"lazy\" decoding=\"async\" width=\"791\" height=\"1024\" src=\"https:\/\/sef.fi\/test2025\/test2025\/wp-content\/uploads\/2025\/10\/seffi_12-791x1024.webp\" alt=\"\" class=\"wp-image-832\" srcset=\"https:\/\/sef.fi\/wp-content\/uploads\/2025\/10\/seffi_12-791x1024.webp 791w, https:\/\/sef.fi\/wp-content\/uploads\/2025\/10\/seffi_12-232x300.webp 232w, https:\/\/sef.fi\/wp-content\/uploads\/2025\/10\/seffi_12-768x994.webp 768w, https:\/\/sef.fi\/wp-content\/uploads\/2025\/10\/seffi_12-1187x1536.webp 1187w, https:\/\/sef.fi\/wp-content\/uploads\/2025\/10\/seffi_12-1583x2048.webp 1583w, https:\/\/sef.fi\/wp-content\/uploads\/2025\/10\/seffi_12-scaled.webp 1979w\" sizes=\"auto, (max-width: 791px) 100vw, 791px\" \/><\/figure>\n\n\n\n<div style=\"height:var(--wp--preset--spacing--40)\" aria-hidden=\"true\" class=\"wp-block-spacer\"><\/div>\n\n\n\n<p>Tekniset tiedot:<\/p>\n\n\n\n<ul class=\"wp-block-list\">\n<li>12 paikkaa (1-4 henk)<\/li>\n\n\n\n<li>Verkkoj\u00e4nnite 230v<\/li>\n\n\n\n<li>Liit\u00e4nt\u00e4teho: 1730W, 10A<\/li>\n\n\n\n<li>Verkkojohdon pituus: 3m<\/li>\n\n\n\n<li>Ulkomitat: (cm): P 43 L 33 K 35<\/li>\n\n\n\n<li>Paino: 15kg<\/li>\n\n\n\n<li>CE-merkitty<\/li>\n\n\n\n<li>Suunniteltu ja valmistettu Suomessa<\/li>\n<\/ul>\n\n\n\n<div style=\"height:40px\" aria-hidden=\"true\" class=\"wp-block-spacer\"><\/div>\n\n\n\n<div class=\"wp-block-buttons is-content-justification-left is-layout-flex wp-container-core-buttons-is-layout-0e5a4d8e wp-block-buttons-is-layout-flex\">\n<div class=\"wp-block-button has-custom-width wp-block-button__width-50\"><a class=\"wp-block-button__link has-background has-custom-1-font-size has-text-align-center has-custom-font-size wp-element-button\" href=\"https:\/\/sef.fi\/wp-content\/uploads\/2025\/11\/SEFFI-2000-1500-1000-kayttoohjekirja1.pdf\" style=\"border-style:none;border-width:0px;border-radius:100px;background-color:#ff5959;padding-top:var(--wp--preset--spacing--20);padding-right:0;padding-bottom:var(--wp--preset--spacing--20);padding-left:0\" target=\"_blank\" rel=\"noreferrer noopener\">Lataa k\u00e4ytt\u00f6ohje<\/a><\/div>\n<\/div>\n<\/article>\n\n\n\n<article class=\"wp-block-group has-global-padding is-layout-constrained wp-container-core-group-is-layout-a1fb5d2d wp-block-group-is-layout-constrained\" style=\"border-width:1px;border-radius:15px;margin-top:var(--wp--preset--spacing--30);margin-bottom:var(--wp--preset--spacing--30);padding-top:var(--wp--preset--spacing--40);padding-right:var(--wp--preset--spacing--30);padding-bottom:var(--wp--preset--spacing--40);padding-left:var(--wp--preset--spacing--30)\">\n<h2 class=\"wp-block-heading has-text-align-center is-style-text-subtitle is-style-text-subtitle--2\" style=\"border-style:none;border-width:0px;margin-top:0;margin-bottom:0\">SEFFI 18 varustekuivain<\/h2>\n\n\n\n<p class=\"has-text-align-center\" id=\"tuoteseloste\" style=\"margin-top:var(--wp--preset--spacing--30);margin-bottom:var(--wp--preset--spacing--30)\">SEFFI 18 on tehokas varustekuivain, joka sopii hyvin esimerkiksi p\u00e4iv\u00e4koteihin ja pieniin urheiluseuroihin.<\/p>\n\n\n\n<figure class=\"wp-block-image size-large\"><img loading=\"lazy\" decoding=\"async\" width=\"1024\" height=\"1024\" src=\"https:\/\/sef.fi\/test2025\/test2025\/wp-content\/uploads\/2025\/01\/seffi_18-1024x1024.webp\" alt=\"\" class=\"wp-image-808\" srcset=\"https:\/\/sef.fi\/wp-content\/uploads\/2025\/01\/seffi_18-1024x1024.webp 1024w, https:\/\/sef.fi\/wp-content\/uploads\/2025\/01\/seffi_18-300x300.webp 300w, https:\/\/sef.fi\/wp-content\/uploads\/2025\/01\/seffi_18-150x150.webp 150w, https:\/\/sef.fi\/wp-content\/uploads\/2025\/01\/seffi_18-768x768.webp 768w, https:\/\/sef.fi\/wp-content\/uploads\/2025\/01\/seffi_18-1536x1536.webp 1536w, https:\/\/sef.fi\/wp-content\/uploads\/2025\/01\/seffi_18-2048x2048.webp 2048w\" sizes=\"auto, (max-width: 1024px) 100vw, 1024px\" \/><\/figure>\n\n\n\n<div style=\"height:var(--wp--preset--spacing--40)\" aria-hidden=\"true\" class=\"wp-block-spacer\"><\/div>\n\n\n\n<p>Tekniset tiedot:<\/p>\n\n\n\n<ul class=\"wp-block-list\">\n<li>18 paikkaa (4-8 henk)<\/li>\n\n\n\n<li>Verkkoj\u00e4nnite 230v<\/li>\n\n\n\n<li>Liit\u00e4nt\u00e4teho: 1730W, 10A<\/li>\n\n\n\n<li>Verkkojohdon pituus: 3m<\/li>\n\n\n\n<li>Ulkomitat: (cm): P 58 L 38 K 35<\/li>\n\n\n\n<li>Paino: 19kg<\/li>\n\n\n\n<li>CE-merkitty<\/li>\n\n\n\n<li>Suunniteltu ja valmistettu Suomessa<\/li>\n<\/ul>\n\n\n\n<div style=\"height:40px\" aria-hidden=\"true\" class=\"wp-block-spacer\"><\/div>\n\n\n\n<div class=\"wp-block-buttons is-horizontal is-content-justification-left is-nowrap is-layout-flex wp-container-core-buttons-is-layout-941c78fc wp-block-buttons-is-layout-flex\">\n<div class=\"wp-block-button has-custom-width wp-block-button__width-50\"><a class=\"wp-block-button__link has-background has-custom-1-font-size has-text-align-center has-custom-font-size wp-element-button\" href=\"https:\/\/sef.fi\/wp-content\/uploads\/2025\/11\/SEFFI-2000-1500-1000-kayttoohjekirja1.pdf\" style=\"border-style:none;border-width:0px;border-radius:100px;background-color:#ff5959;padding-top:var(--wp--preset--spacing--20);padding-right:0;padding-bottom:var(--wp--preset--spacing--20);padding-left:0\" target=\"_blank\" rel=\"noreferrer noopener\">Lataa k\u00e4ytt\u00f6ohje<\/a><\/div>\n<\/div>\n<\/article>\n\n\n\n<div class=\"wp-block-columns is-layout-flex wp-container-core-columns-is-layout-28f84493 wp-block-columns-is-layout-flex\">\n<div class=\"wp-block-column is-layout-flow wp-block-column-is-layout-flow\" style=\"flex-basis:100%\">\n<article class=\"wp-block-group has-global-padding is-content-justification-center is-layout-constrained wp-container-core-group-is-layout-bcc577c3 wp-block-group-is-layout-constrained\" style=\"border-style:none;border-width:0px;border-radius:15px;margin-top:var(--wp--preset--spacing--30);margin-bottom:var(--wp--preset--spacing--30);padding-top:var(--wp--preset--spacing--40);padding-right:var(--wp--preset--spacing--30);padding-bottom:var(--wp--preset--spacing--40);padding-left:var(--wp--preset--spacing--30)\">\n<h2 class=\"wp-block-heading has-text-align-center is-style-text-subtitle is-style-text-subtitle--3\" style=\"border-style:none;border-width:0px\">SEFFI 24 varustekuivain<\/h2>\n\n\n\n<p class=\"has-text-align-center\" id=\"tuoteseloste\" style=\"margin-top:var(--wp--preset--spacing--30);margin-bottom:var(--wp--preset--spacing--30)\">SEFFI 24 on tehokas varustekuivain, p\u00e4iv\u00e4koteihin, rakennusmiehille, palokuntaan, laskettelukeskuksiin.<\/p>\n\n\n\n<figure class=\"wp-block-image size-large is-resized\"><img loading=\"lazy\" decoding=\"async\" width=\"1024\" height=\"1019\" src=\"https:\/\/sef.fi\/test2025\/test2025\/wp-content\/uploads\/2025\/10\/seffi_24-1024x1019.webp\" alt=\"\" class=\"wp-image-836\" style=\"width:758px;height:auto\" srcset=\"https:\/\/sef.fi\/wp-content\/uploads\/2025\/10\/seffi_24-1024x1019.webp 1024w, https:\/\/sef.fi\/wp-content\/uploads\/2025\/10\/seffi_24-300x300.webp 300w, https:\/\/sef.fi\/wp-content\/uploads\/2025\/10\/seffi_24-150x150.webp 150w, https:\/\/sef.fi\/wp-content\/uploads\/2025\/10\/seffi_24-768x764.webp 768w, https:\/\/sef.fi\/wp-content\/uploads\/2025\/10\/seffi_24-1536x1529.webp 1536w, https:\/\/sef.fi\/wp-content\/uploads\/2025\/10\/seffi_24-2048x2038.webp 2048w\" sizes=\"auto, (max-width: 1024px) 100vw, 1024px\" \/><\/figure>\n\n\n\n<div style=\"height:30px;width:0px\" aria-hidden=\"true\" class=\"wp-block-spacer\"><\/div>\n\n\n\n<p>Tekniset tiedot:<\/p>\n\n\n\n<ul class=\"wp-block-list\">\n<li>24 paikkaa (8-12 henk)<\/li>\n\n\n\n<li>Verkkoj\u00e4nnite 230v<\/li>\n\n\n\n<li>Liit\u00e4nt\u00e4teho: 3460W, 16A<\/li>\n\n\n\n<li>Verkkojohdon pituus: 3m<\/li>\n\n\n\n<li>Ulkomitat: (cm): P 78 L 38 K 46<\/li>\n\n\n\n<li>Ilmavirta: 47 m3 min<\/li>\n\n\n\n<li>Melutaso: 65 dB(A)<\/li>\n\n\n\n<li>Paino: 24kg<\/li>\n\n\n\n<li>CE-merkitty<\/li>\n\n\n\n<li>Suunniteltu ja valmistettu Suomessa<\/li>\n<\/ul>\n\n\n\n<div style=\"height:40px;width:0px\" aria-hidden=\"true\" class=\"wp-block-spacer\"><\/div>\n\n\n\n<div class=\"wp-block-buttons is-content-justification-left is-nowrap is-layout-flex wp-container-core-buttons-is-layout-a42a520c wp-block-buttons-is-layout-flex\">\n<div class=\"wp-block-button has-custom-width wp-block-button__width-50 is-style-fill\"><a class=\"wp-block-button__link has-background has-custom-1-font-size has-text-align-center has-custom-font-size wp-element-button\" href=\"https:\/\/sef.fi\/test2025\/wp-content\/uploads\/2014\/02\/SEFFI-2000-1500-1000-k\u00e4ytt\u00f6ohjekirja1.pdf\" style=\"border-style:none;border-width:0px;border-radius:100px;background-color:#ff5959;padding-top:var(--wp--preset--spacing--20);padding-right:0;padding-bottom:var(--wp--preset--spacing--20);padding-left:0\">Lataa k\u00e4ytt\u00f6ohje<\/a><\/div>\n<\/div>\n<\/article>\n<\/div>\n<\/div>\n<\/div>\n","protected":false},"excerpt":{"rendered":"<p>Tuotteet SEFFI 12 varustekuivain SEFFI 12 on pieni ja tehokas varustekuivain, joka sopii hyvin esimerkiksi p\u00e4iv\u00e4koteihin ja pieniin urheiluseuroihin. Tekniset tiedot: SEFFI 18 varustekuivain SEFFI 18 on tehokas varustekuivain, joka sopii hyvin esimerkiksi p\u00e4iv\u00e4koteihin ja pieniin urheiluseuroihin. Tekniset tiedot: SEFFI 24 varustekuivain SEFFI 24 on tehokas varustekuivain, p\u00e4iv\u00e4koteihin, rakennusmiehille, palokuntaan, laskettelukeskuksiin. Tekniset tiedot:<\/p>\n","protected":false},"author":1,"featured_media":0,"parent":0,"menu_order":0,"comment_status":"closed","ping_status":"closed","template":"wp-custom-template-tuotteet","meta":{"footnotes":""},"class_list":["post-19","page","type-page","status-publish","hentry"],"jetpack_sharing_enabled":true,"_links":{"self":[{"href":"https:\/\/sef.fi\/index.php\/wp-json\/wp\/v2\/pages\/19","targetHints":{"allow":["GET"]}}],"collection":[{"href":"https:\/\/sef.fi\/index.php\/wp-json\/wp\/v2\/pages"}],"about":[{"href":"https:\/\/sef.fi\/index.php\/wp-json\/wp\/v2\/types\/page"}],"author":[{"embeddable":true,"href":"https:\/\/sef.fi\/index.php\/wp-json\/wp\/v2\/users\/1"}],"replies":[{"embeddable":true,"href":"https:\/\/sef.fi\/index.php\/wp-json\/wp\/v2\/comments?post=19"}],"version-history":[{"count":18,"href":"https:\/\/sef.fi\/index.php\/wp-json\/wp\/v2\/pages\/19\/revisions"}],"predecessor-version":[{"id":1265,"href":"https:\/\/sef.fi\/index.php\/wp-json\/wp\/v2\/pages\/19\/revisions\/1265"}],"wp:attachment":[{"href":"https:\/\/sef.fi\/index.php\/wp-json\/wp\/v2\/media?parent=19"}],"curies":[{"name":"wp","href":"https:\/\/api.w.org\/{rel}","templated":true}]}}